{"id":10,"date":"2024-10-31T16:54:38","date_gmt":"2024-10-31T15:54:38","guid":{"rendered":"https:\/\/www.lesgitesdewargemont.fr\/?page_id=10"},"modified":"2025-01-22T16:47:34","modified_gmt":"2025-01-22T15:47:34","slug":"les-gites-de-wargemont","status":"publish","type":"page","link":"https:\/\/www.lesgitesdewargemont.fr\/","title":{"rendered":"Pr\u00e9sentation"},"content":{"rendered":"\n<\/p>\r\n<div class=\"wp-block-group alignfull has-global-padding is-layout-constrained wp-container-core-group-is-layout-490fa1db wp-block-group-is-layout-constrained\" style=\"padding: var(--wp--preset--spacing--50);\">\n\n<div class=\"wp-block-group has-global-padding is-layout-constrained wp-container-core-group-is-layout-650790e1 wp-block-group-is-layout-constrained\">\n\n\r\n\r\n\n<span style=\"color: #752a05;\">\n\n\r\n\r\n\n<\/span><span style=\"color: #752a05;\">\n\n\r\n\r\n\n<\/span>\r\n<div class=\"wp-block-buttons is-content-justification-center is-layout-flex wp-container-core-buttons-is-layout-a89b3969 wp-block-buttons-is-layout-flex\"><span style=\"color: #752a05;\">\n\n<\/span>\r\n<div class=\"wp-block-button\"><span style=\"color: #752a05;\"><a class=\"wp-block-button__link wp-element-button\" style=\"color: #752a05;\">\u00c0 propos<\/a><\/span><\/div>\n\n<\/div>\n\n<\/div>\n\n\r\n\r\n\n<div class=\"wp-block-spacer\" style=\"height: var(--wp--preset--spacing--30);\" aria-hidden=\"true\">\u00a0<\/div>\n\n\r\n\r\n\n<figure class=\"wp-block-gallery alignwide has-nested-images columns-default is-cropped wp-block-gallery-2 is-layout-flex wp-block-gallery-is-layout-flex\">\n\n<figure class=\"wp-block-image size-full is-style-rounded is-style-rounded--1\"><img loading=\"lazy\" decoding=\"async\" width=\"1000\" height=\"750\" data-id=\"55\" class=\"wp-image-55\" src=\"https:\/\/www.lesgitesdewargemont.fr\/wp-content\/uploads\/2024\/10\/Etable-vue-cours-interieure.png\" alt=\"\" srcset=\"https:\/\/www.lesgitesdewargemont.fr\/wp-content\/uploads\/2024\/10\/Etable-vue-cours-interieure.png 1000w, https:\/\/www.lesgitesdewargemont.fr\/wp-content\/uploads\/2024\/10\/Etable-vue-cours-interieure-300x225.png 300w, https:\/\/www.lesgitesdewargemont.fr\/wp-content\/uploads\/2024\/10\/Etable-vue-cours-interieure-768x576.png 768w\" sizes=\"auto, (max-width: 1000px) 100vw, 1000px\" \/><\/figure>\n\n<\/figure>\n\n<\/div>\n\n\n\n<div class=\"wp-block-group alignfull has-base-2-background-color has-background has-global-padding is-layout-constrained wp-container-core-group-is-layout-669513ed wp-block-group-is-layout-constrained\" style=\"margin-top: 0; margin-bottom: 0; padding: var(--wp--preset--spacing--50);\">\n\n<div class=\"wp-block-group is-vertical is-content-justification-center is-layout-flex wp-container-core-group-is-layout-52b864f0 wp-block-group-is-layout-flex\">\n\n<h3 class=\"wp-block-heading\"><strong><span style=\"color: #993300;\">Les g\u00eetes de Wargemont sont situ\u00e9s dans une ancienne ferme du Ch\u00e2teau datant du 18e si\u00e8cle dans un cadre charmant, au c\u0153ur d&rsquo;un clos masure typique de la Normandie.<\/span><\/strong><\/h3>\r\n<h3><strong><span style=\"color: #993300;\">\n\n\r\n\r\n\n<\/span><\/strong><\/h3>\r\n<h3><strong><span style=\"color: #993300;\">Nous vous accueillons tout au long de l&rsquo;ann\u00e9e.<\/span><\/strong><\/h3>\r\n<h3><strong><span style=\"color: #993300;\">\n\n\r\n\r\n\n<\/span><\/strong><\/h3>\r\n<h3><strong><span style=\"color: #993300;\">Notre propri\u00e9t\u00e9 est un lieu calme au contact de la nature, que nous entretenons avec passion, au rythme des saisons.<\/span><\/strong><\/h3>\r\n<h3><strong><span style=\"color: #993300;\">\n\n\r\n\r\n\n<\/span><\/strong><\/h3>\r\n<h3><strong><span style=\"color: #993300;\">Nous serons heureux de vous accueillir dans ce magnifique lieu.<\/span><\/strong><\/h3>\r\n<h3><strong><span style=\"color: #993300;\">\n\n\r\n\r\n\n<\/span><\/strong><\/h3>\r\n<h3><strong><span style=\"color: #993300;\">La propri\u00e9t\u00e9 est entour\u00e9e de h\u00eatres et ch\u00eanes centenaires, de vergers, d&rsquo;une mare de biodiversit\u00e9.<\/span><\/strong><\/h3>\r\n<h3><strong><span style=\"color: #993300;\">\n\n\r\n\r\n\n<\/span><\/strong><\/h3>\r\n<h3><strong><span style=\"color: #993300;\">Vous pourrez \u00e9galement croiser nos animaux, moutons, ch\u00e8vres, \u00e2nesses, poules, et peut \u00eatre observer nos abeilles butiner et gouter leur d\u00e9licieux miel.<\/span><\/strong><\/h3>\r\n<h2><img loading=\"lazy\" decoding=\"async\" class=\"alignnone size-large wp-image-166 aligncenter\" src=\"https:\/\/www.lesgitesdewargemont.fr\/wp-content\/uploads\/2024\/12\/Entree-Parc-2-1024x768.jpg\" alt=\"\" width=\"1024\" height=\"768\" srcset=\"https:\/\/www.lesgitesdewargemont.fr\/wp-content\/uploads\/2024\/12\/Entree-Parc-2-1024x768.jpg 1024w, https:\/\/www.lesgitesdewargemont.fr\/wp-content\/uploads\/2024\/12\/Entree-Parc-2-300x225.jpg 300w, https:\/\/www.lesgitesdewargemont.fr\/wp-content\/uploads\/2024\/12\/Entree-Parc-2-768x576.jpg 768w, https:\/\/www.lesgitesdewargemont.fr\/wp-content\/uploads\/2024\/12\/Entree-Parc-2-1536x1152.jpg 1536w, https:\/\/www.lesgitesdewargemont.fr\/wp-content\/uploads\/2024\/12\/Entree-Parc-2.jpg 2042w\" sizes=\"auto, (max-width: 1024px) 100vw, 1024px\" \/><\/h2>\r\n<h2>\u00a0<\/h2>\n\n<\/div>\n\n\r\n\r\n\n<div class=\"wp-block-spacer\" style=\"margin-top: 0; margin-bottom: 0; height: var(--wp--preset--spacing--40);\" aria-hidden=\"true\">\u00a0<\/div>\n\n\r\n\r\n\n<div class=\"wp-block-columns alignwide is-layout-flex wp-container-core-columns-is-layout-d0bbbce0 wp-block-columns-is-layout-flex\">\n\n<div class=\"wp-block-column is-vertically-aligned-center is-layout-flow wp-container-core-column-is-layout-e3d1c41b wp-block-column-is-layout-flow\">\n\n<h3 class=\"wp-block-heading has-text-align-center is-style-asterisk has-body-font-family has-medium-font-size\" style=\"font-style: normal; font-weight: 600;\"><span style=\"color: #000000;\">Abeilles<\/span><\/h3>\r\n<span style=\"color: #000000;\">\n\n\r\n\r\n\n<\/span>\r\n<p class=\"has-text-align-center\"><span style=\"color: #000000;\">Production de miel<\/span><\/p>\r\n<span style=\"color: #000000;\">\n\n<\/span><\/div>\r\n<span style=\"color: #000000;\">\n\n\r\n\r\n\n<\/span>\r\n<div class=\"wp-block-column is-layout-flow wp-container-core-column-is-layout-e3d1c41b wp-block-column-is-layout-flow\"><span style=\"color: #000000;\">\n\n<\/span>\r\n<h3 class=\"wp-block-heading has-text-align-center is-style-asterisk has-body-font-family has-medium-font-size\" style=\"font-style: normal; font-weight: 600;\"><span style=\"color: #000000;\">V\u00e9los<\/span><\/h3>\r\n<span style=\"color: #000000;\">\n\n\r\n\r\n\n<\/span>\r\n<p class=\"has-text-align-center\"><span style=\"color: #000000;\">Local adapt\u00e9 \u00e0 disposition<\/span><\/p>\r\n<span style=\"color: #000000;\">\n\n<\/span><\/div>\r\n<span style=\"color: #000000;\">\n\n\r\n\r\n\n<\/span>\r\n<div class=\"wp-block-column is-layout-flow wp-container-core-column-is-layout-e3d1c41b wp-block-column-is-layout-flow\"><span style=\"color: #000000;\">\n\n<\/span>\r\n<h3 class=\"wp-block-heading has-text-align-center is-style-asterisk has-body-font-family has-medium-font-size\" style=\"font-style: normal; font-weight: 600;\"><span style=\"color: #000000;\">Parc arbor\u00e9<\/span><\/h3>\r\n<span style=\"color: #000000;\">\n\n\r\n\r\n\n<\/span>\r\n<p class=\"has-text-align-center\"><span style=\"color: #000000;\">Calme absolu garanti<\/span><\/p>\r\n<span style=\"color: #000000;\">\n\n<\/span><\/div>\r\n<span style=\"color: #000000;\">\n\n<\/span><\/div>\r\n<span style=\"color: #000000;\">\n\n\r\n\r\n\n<\/span><span style=\"color: #000000;\">\n\n\r\n\r\n\n<\/span>\r\n<div class=\"wp-block-columns alignwide is-layout-flex wp-container-core-columns-is-layout-d0bbbce0 wp-block-columns-is-layout-flex\"><span style=\"color: #000000;\">\n\n<\/span>\r\n<div class=\"wp-block-column is-layout-flow wp-container-core-column-is-layout-e3d1c41b wp-block-column-is-layout-flow\"><span style=\"color: #000000;\">\n\n<\/span>\r\n<h3 class=\"wp-block-heading has-text-align-center is-style-asterisk has-body-font-family has-medium-font-size\" style=\"font-style: normal; font-weight: 600;\"><span style=\"color: #000000;\">Wi-Fi\u00a0 <\/span><span style=\"color: #000000;\">Gratuit<\/span><\/h3>\r\n<span style=\"color: #000000;\">\n\n\r\n\r\n\n<\/span><span style=\"color: #000000;\">\n\n<\/span><\/div>\r\n<span style=\"color: #000000;\">\n\n\r\n\r\n\n<\/span>\r\n<div class=\"wp-block-column is-layout-flow wp-container-core-column-is-layout-e3d1c41b wp-block-column-is-layout-flow\"><span style=\"color: #000000;\">\n\n<\/span>\r\n<h3 class=\"wp-block-heading has-text-align-center is-style-asterisk has-body-font-family has-medium-font-size\" style=\"font-style: normal; font-weight: 600;\"><span style=\"color: #000000;\">Animaux<\/span><\/h3>\r\n<span style=\"color: #000000;\">\n\n\r\n\r\n\n<\/span>\r\n<p class=\"has-text-align-center\"><span style=\"color: #000000;\">Pr\u00e9sence de Ch\u00e8vres, Moutons, Poules, \u00c2nesses, Chat, Abeilles<\/span><\/p>\r\n<span style=\"color: #000000;\">\n\n<\/span><\/div>\r\n<span style=\"color: #000000;\">\n\n\r\n\r\n\n<\/span>\r\n<div class=\"wp-block-column is-layout-flow wp-container-core-column-is-layout-e3d1c41b wp-block-column-is-layout-flow\"><span style=\"color: #000000;\">\n\n<\/span>\r\n<h3 class=\"wp-block-heading has-text-align-center is-style-asterisk has-body-font-family has-medium-font-size\" style=\"font-style: normal; font-weight: 600;\"><span style=\"color: #000000;\">Literie<\/span><\/h3>\r\n<span style=\"color: #000000;\">\n\n\r\n\r\n\n<\/span>\r\n<p class=\"has-text-align-center\"><span style=\"color: #000000;\">Lits confortables dans toutes les chambres<\/span><\/p>\n\n<\/div>\n\n<\/div>\n\n<\/div>\n\n\n<div class=\"wp-block-group alignfull\" style=\"margin-top: 0; margin-bottom: 0; padding: var(--wp--preset--spacing--50);\">\u00a0<\/div>","protected":false},"excerpt":{"rendered":"<p>Les g\u00eetes de Wargemont sont situ\u00e9s dans une ancienne ferme du Ch\u00e2teau datant du 18e si\u00e8cle dans un cadre charmant, au c\u0153ur d&rsquo;un clos masure typique de la Normandie. Nous vous accueillons tout au long de l&rsquo;ann\u00e9e. Notre propri\u00e9t\u00e9 est un lieu calme au contact de la nature, que nous entretenons avec passion, au rythme [&hellip;]<\/p>\n","protected":false},"author":2,"featured_media":0,"parent":0,"menu_order":1,"comment_status":"closed","ping_status":"closed","template":"","meta":{"_themeisle_gutenberg_block_has_review":false,"footnotes":""},"class_list":["post-10","page","type-page","status-publish","hentry"],"_links":{"self":[{"href":"https:\/\/www.lesgitesdewargemont.fr\/index.php\/wp-json\/wp\/v2\/pages\/10","targetHints":{"allow":["GET"]}}],"collection":[{"href":"https:\/\/www.lesgitesdewargemont.fr\/index.php\/wp-json\/wp\/v2\/pages"}],"about":[{"href":"https:\/\/www.lesgitesdewargemont.fr\/index.php\/wp-json\/wp\/v2\/types\/page"}],"author":[{"embeddable":true,"href":"https:\/\/www.lesgitesdewargemont.fr\/index.php\/wp-json\/wp\/v2\/users\/2"}],"replies":[{"embeddable":true,"href":"https:\/\/www.lesgitesdewargemont.fr\/index.php\/wp-json\/wp\/v2\/comments?post=10"}],"version-history":[{"count":19,"href":"https:\/\/www.lesgitesdewargemont.fr\/index.php\/wp-json\/wp\/v2\/pages\/10\/revisions"}],"predecessor-version":[{"id":288,"href":"https:\/\/www.lesgitesdewargemont.fr\/index.php\/wp-json\/wp\/v2\/pages\/10\/revisions\/288"}],"wp:attachment":[{"href":"https:\/\/www.lesgitesdewargemont.fr\/index.php\/wp-json\/wp\/v2\/media?parent=10"}],"curies":[{"name":"wp","href":"https:\/\/api.w.org\/{rel}","templated":true}]}}